e greatest common divisor of 17395 and 117505?
355
What is the greatest common factor of 3300 and 3859900?
1100
Calculate the greatest common factor of 9415 and 14.
7
What is the greatest common divisor of 27398 and 798?
266
Calculate the highest common divisor of 889 and 36830.
127
Calculate the greatest common factor of 83745 and 270.
45
What is the greatest common divisor of 112952 and 84?
28
What is the highest common divisor of 495295 and 935?
85
What is the greatest common factor of 189185 and 2983?
157
What is the greatest common divisor of 988 and 828191?
247
Calculate the highest common divisor of 647 and 471016.
647
What is the highest common factor of 26108 and 24400?
244
What is the greatest common factor of 63342 and 782?
782
What is the greatest common factor of 1397 and 13739?
11
Calculate the greatest common factor of 4745 and 2190.
365
What is the greatest common factor of 312 and 15431?
13
Calculate the greatest common divisor of 3521 and 462.
7
Calculate the greatest common factor of 165205 and 19.
19
What is the greatest common factor of 2338623 and 441?
441
Calculate the highest common divisor of 696 and 77082.
174
Calculate the greatest common divisor of 216 and 814392.
72
Calculate the highest common factor of 54 and 13.
1
Calculate the highest common factor of 21 and 610183.
7
Calculate the highest common divisor of 74657 and 33.
11
What is the greatest common factor of 1681 and 24641?
41
What is the highest common divisor of 80292 and 60?
12
Calculate the highest common factor of 25446 and 162.
6
What is the greatest common factor of 128427 and 534?
267
What is the highest common divisor of 975672 and 360?
72
Calculate the highest common divisor of 764704 and 736.
736
What is the highest common factor of 305167 and 136?
17
What is the greatest common factor of 2944 and 3584?
128
What is the greatest common divisor of 552358 and 302?
302
What is the highest common divisor of 556 and 711124?
556
Calculate the highest common factor of 1986717 and 483.
69
What is the greatest common divisor of 2 and 18323?
1
What is the highest common factor of 16 and 13328?
16
What is the highest common divisor of 35 and 61145?
35
Calculate the highest common factor of 8 and 419564.
4
Calculate the greatest common divisor of 1170 and 286290.
90
Calculate the greatest common factor of 43145 and 40.
5
What is the greatest common factor of 141 and 13019?
47
What is the greatest common factor of 14276 and 6364?
172
What is the highest common factor of 2599 and 499347?
113
What is the greatest common divisor of 644 and 19628?
28
Calculate the highest common factor of 48 and 18678.
6
What is the greatest common factor of 8471144 and 88?
88
Calculate the highest common factor of 19304988 and 1362.
1362
What is the greatest common factor of 6784 and 184?
8
Calculate the greatest common factor of 315 and 211365.
315
What is the highest common factor of 48 and 1716?
12
Calculate the greatest common divisor of 1121110 and 20.
10
What is the greatest common factor of 3846 and 78?
6
Calculate the greatest common factor of 327426 and 2420.
242
What is the greatest common factor of 359242 and 328?
82
Calculate the greatest common factor of 368 and 496.
16
Calculate the highest common divisor of 12400 and 3200.
400
Calculate the greatest common divisor of 244 and 26047.
61
What is the greatest common divisor of 23239 and 1343?
17
What is the greatest common divisor of 128 and 125232?
16
Calculate the highest common factor of 2082942 and 270.
54
What is the highest common divisor of 26 and 370019?
13
Calculate the highest common factor of 309 and 251217.
309
Calculate the highest common divisor of 75 and 1557.
3
Calculate the highest common factor of 303 and 738411.
303
What is the highest common factor of 1071 and 5040?
63
Calculate the greatest common divisor of 4850 and 2175.
25
What is the highest common factor of 32 and 34712?
8
What is the greatest common factor of 1244 and 1244933?
311
Calculate the highest common divisor of 128 and 241088.
64
Calculate the highest common factor of 711 and 765.
9
What is the highest common factor of 4000 and 3650?
50
What is the greatest common divisor of 6305 and 1235?
65
What is the highest common factor of 2191 and 224?
7
What is the greatest common divisor of 4455084 and 12?
12
Calculate the highest common divisor of 352 and 530552.
88
Calculate the highest common divisor of 99 and 1705.
11
What is the highest common divisor of 89520 and 1776?
48
Calculate the highest common factor of 41303 and 3296.
103
Calculate the highest common divisor of 50 and 2558.
2
Calculate the greatest common factor of 9891 and 531.
9
What is the greatest common divisor of 237840 and 912?
48
What is the highest common divisor of 232484 and 19?
19
What is the greatest common divisor of 780 and 26364?
156
Calculate the highest common divisor of 566970 and 270.
30
Calculate the highest common factor of 18513 and 1815.
363
Calculate the greatest common factor of 154160 and 2.
2
Calculate the greatest common factor of 14 and 48626.
2
What is the greatest common divisor of 1400420 and 2450?
490
What is the greatest common factor of 490 and 266?
14
Calculate the highest common factor of 1392 and 231536.
464
Calculate the greatest common factor of 56873 and 1.
1
Calculate the highest common divisor of 8190 and 6734.
182
What is the greatest common divisor of 3360 and 23730?
210
Calculate the greatest common factor of 3843 and 49044.
183
What is the highest common divisor of 275622 and 852?
426
Calculate the highest common divisor of 702 and 221.
13
What is the greatest common divisor of 1573 and 19965?
121
What is the greatest common factor of 29 and 1385301?
29
Calculate the highest common divisor of 937582 and 5710.
1142
Calculate the greatest common divisor of 4750 and 10750.
250
What is the greatest common divisor of 1339 and 169538?
103
Calculate the greatest common divisor of 72162 and 4220.
422
Calculate the highest common factor of 23952 and 192.
48
Calculate the highest common factor of 209007 and 27.
27
What is the greatest common factor of 228 and 2364?
12
What is the highest common factor of 36 and 101241?
9
Calculate the greatest common divisor of 128652 and 240.
12
What is the greatest common factor of 35 and 9230060?
35
What is the greatest common divisor of 572 and 19708?
52
What is the greatest common divisor of 9341 and 29?
1
What is the greatest common divisor of 3113240 and 1040?
520
What is the greatest common divisor of 10420 and 108?
4
What is the greatest common divisor of 186 and 1116?
186
What is the greatest common factor of 4640 and 76640?
160
What is the greatest common divisor of 70 and 335055?
35
Calculate the greatest common divisor of 2133 and 247239.
27
What is the highest common divisor of 275410 and 10?
10
Calculate the highest common divisor of 5 and 74590.
5
Calculate the highest common divisor of 2689 and 137.
1
Calculate the highest common factor of 17978 and 404.
202
Calculate the highest common factor of 605 and 7623.
121
Calculate the greatest common factor of 318 and 2771847.
159
Calculate the highest common divisor of 6 and 82509.
3
Calculate the greatest common factor of 1808 and 2128.
16
Calculate the highest common factor of 352537 and 668.
167
Calculate the greatest common factor of 3033 and 1269.
9
What is the greatest common factor of 33839 and 26?
13
Calculate the greatest common divisor of 7 and 1239.
7
Calculate the highest common factor of 195490 and 6574.
346
What is the greatest common divisor of 3280 and 85?
5
What is the greatest common divisor of 3537 and 123009?
393
What is the greatest common factor of 4746 and 154?
14
What is the highest common factor of 840 and 95808?
24
What is the greatest common divisor of 680 and 12954?
34
Calculate the greatest common divisor of 72 and 28312.
8
Calculate the greatest common factor of 378992 and 32.
16
Calculate the greatest common divisor of 1165905 and 330.
15
What is the greatest common divisor of 580754 and 12274?
646
What is the greatest common factor of 125 and 11140?
5
Calculate the highest common factor of 19665 and 6900.
345
Calculate the greatest common factor of 336 and 99834.
42
Calculate the greatest common factor of 12128